{"id":11,"date":"2024-11-29T12:33:30","date_gmt":"2024-11-29T12:33:30","guid":{"rendered":"https:\/\/munreyfruits.com\/?page_id=11"},"modified":"2024-12-16T08:12:56","modified_gmt":"2024-12-16T08:12:56","slug":"nosotros","status":"publish","type":"page","link":"https:\/\/munreyfruits.com\/?page_id=11","title":{"rendered":"NOSOTROS"},"content":{"rendered":"\t\t<div data-elementor-type=\"wp-page\" data-elementor-id=\"11\" class=\"elementor elementor-11\">\n\t\t\t\t<div class=\"elementor-element elementor-element-1fa07f2a0 e-flex e-con-boxed wpr-particle-no wpr-jarallax-no wpr-parallax-no wpr-sticky-section-no e-con e-parent\" data-id=\"1fa07f2a0\" data-element_type=\"container\" data-settings=\"{&quot;background_background&quot;:&quot;classic&quot;}\">\n\t\t\t\t\t<div class=\"e-con-inner\">\n\t\t\t\t<div class=\"elementor-element elementor-element-57746db3 elementor-widget elementor-widget-heading\" data-id=\"57746db3\" data-element_type=\"widget\" data-widget_type=\"heading.default\">\n\t\t\t\t<div class=\"elementor-widget-container\">\n\t\t\t<h1 class=\"elementor-heading-title elementor-size-default\">Nosotros<\/h1>\t\t<\/div>\n\t\t\t\t<\/div>\n\t\t\t\t\t<\/div>\n\t\t\t\t<\/div>\n\t\t<div class=\"elementor-element elementor-element-32859f77 e-flex e-con-boxed wpr-particle-no wpr-jarallax-no wpr-parallax-no wpr-sticky-section-no e-con e-parent\" data-id=\"32859f77\" data-element_type=\"container\">\n\t\t\t\t\t<div class=\"e-con-inner\">\n\t\t<div class=\"elementor-element elementor-element-4de92f7e e-flex e-con-boxed wpr-particle-no wpr-jarallax-no wpr-parallax-no wpr-sticky-section-no elementor-invisible e-con e-child\" data-id=\"4de92f7e\" data-element_type=\"container\" data-settings=\"{&quot;animation&quot;:&quot;slideInLeft&quot;}\">\n\t\t\t\t\t<div class=\"e-con-inner\">\n\t\t\t\t<div class=\"elementor-element elementor-element-549e950e elementor-widget elementor-widget-heading\" data-id=\"549e950e\" data-element_type=\"widget\" data-widget_type=\"heading.default\">\n\t\t\t\t<div class=\"elementor-widget-container\">\n\t\t\t<h2 class=\"elementor-heading-title elementor-size-default\">\u00bfQui\u00e9nes somos?<\/h2>\t\t<\/div>\n\t\t\t\t<\/div>\n\t\t\t\t<div class=\"elementor-element elementor-element-26bb63c1 elementor-widget elementor-widget-text-editor\" data-id=\"26bb63c1\" data-element_type=\"widget\" data-widget_type=\"text-editor.default\">\n\t\t\t\t<div class=\"elementor-widget-container\">\n\t\t\t\t\t\t\t<p>Munrey Fruits and Services es una empresa fundada en 2024 con un enfoque innovador en la comercializaci\u00f3n de frutas frescas. Nuestro compromiso es atender a nuestros clientes durante todo el a\u00f1o, garantizando acceso a productos de la m\u00e1s alta calidad, sin importar su origen o estaci\u00f3n.<\/p><p>Nuestra misi\u00f3n es clara: ofrecer disponibilidad continua, calidad excepcional y un servicio de excelencia, consolid\u00e1ndonos como un socio estrat\u00e9gico que conecta a nuestros clientes con las mejores zonas de producci\u00f3n en todo el mundo.<\/p>\t\t\t\t\t\t<\/div>\n\t\t\t\t<\/div>\n\t\t\t\t\t<\/div>\n\t\t\t\t<\/div>\n\t\t<div class=\"elementor-element elementor-element-e698ef0 e-con-full e-flex wpr-particle-no wpr-jarallax-no wpr-parallax-no wpr-sticky-section-no elementor-invisible e-con e-child\" data-id=\"e698ef0\" data-element_type=\"container\" data-settings=\"{&quot;animation&quot;:&quot;slideInLeft&quot;}\">\n\t\t\t\t<div class=\"elementor-element elementor-element-b6203c5 elementor-widget elementor-widget-image\" data-id=\"b6203c5\" data-element_type=\"widget\" data-widget_type=\"image.default\">\n\t\t\t\t<div class=\"elementor-widget-container\">\n\t\t\t\t\t\t\t\t\t\t\t\t\t<img fetchpriority=\"high\" decoding=\"async\" width=\"1024\" height=\"474\" src=\"https:\/\/munreyfruits.com\/wp-content\/uploads\/2024\/12\/N1-1-1024x474.png\" class=\"attachment-large size-large wp-image-122\" alt=\"\" srcset=\"https:\/\/munreyfruits.com\/wp-content\/uploads\/2024\/12\/N1-1-1024x474.png 1024w, https:\/\/munreyfruits.com\/wp-content\/uploads\/2024\/12\/N1-1-300x139.png 300w, https:\/\/munreyfruits.com\/wp-content\/uploads\/2024\/12\/N1-1-768x356.png 768w, https:\/\/munreyfruits.com\/wp-content\/uploads\/2024\/12\/N1-1-1536x711.png 1536w, https:\/\/munreyfruits.com\/wp-content\/uploads\/2024\/12\/N1-1.png 1920w\" sizes=\"(max-width: 1024px) 100vw, 1024px\" \/>\t\t\t\t\t\t\t\t\t\t\t\t\t<\/div>\n\t\t\t\t<\/div>\n\t\t\t\t<\/div>\n\t\t\t\t\t<\/div>\n\t\t\t\t<\/div>\n\t\t<div class=\"elementor-element elementor-element-6fa4271e e-flex e-con-boxed wpr-particle-no wpr-jarallax-no wpr-parallax-no wpr-sticky-section-no e-con e-parent\" data-id=\"6fa4271e\" data-element_type=\"container\" data-settings=\"{&quot;background_background&quot;:&quot;classic&quot;}\">\n\t\t\t\t\t<div class=\"e-con-inner\">\n\t\t<div class=\"elementor-element elementor-element-15571ff e-con-full e-flex wpr-particle-no wpr-jarallax-no wpr-parallax-no wpr-sticky-section-no elementor-invisible e-con e-child\" data-id=\"15571ff\" data-element_type=\"container\" data-settings=\"{&quot;animation&quot;:&quot;fadeIn&quot;}\">\n\t\t\t\t<div class=\"elementor-element elementor-element-ef112b5 elementor-widget elementor-widget-heading\" data-id=\"ef112b5\" data-element_type=\"widget\" data-widget_type=\"heading.default\">\n\t\t\t\t<div class=\"elementor-widget-container\">\n\t\t\t<h2 class=\"elementor-heading-title elementor-size-default\">Nuestros valores<\/h2>\t\t<\/div>\n\t\t\t\t<\/div>\n\t\t\t\t<div class=\"elementor-element elementor-element-9ec9da4 elementor-widget elementor-widget-text-editor\" data-id=\"9ec9da4\" data-element_type=\"widget\" data-widget_type=\"text-editor.default\">\n\t\t\t\t<div class=\"elementor-widget-container\">\n\t\t\t\t\t\t\t<p>Aunque Munrey Fruits and Services se estableci\u00f3 oficialmente en 2024, nuestro equipo cuenta con una s\u00f3lida trayectoria en el sector hortofrut\u00edcola. Inicialmente, nos especializamos en la exportaci\u00f3n de frutas de hueso, pero con el tiempo hemos diversificado nuestra oferta para incluir una amplia variedad de frutas frescas. Adem\u00e1s, hemos extendido nuestra red de abastecimiento, seleccionando cuidadosamente los mejores or\u00edgenes en todo el mundo para garantizar a nuestros clientes productos de calidad superior.<\/p>\t\t\t\t\t\t<\/div>\n\t\t\t\t<\/div>\n\t\t\t\t<\/div>\n\t\t<div class=\"elementor-element elementor-element-404d479 e-con-full e-flex wpr-particle-no wpr-jarallax-no wpr-parallax-no wpr-sticky-section-no e-con e-child\" data-id=\"404d479\" data-element_type=\"container\">\n\t\t\t\t<div class=\"elementor-element elementor-element-493f1d0 elementor-icon-list--layout-inline elementor-align-center elementor-list-item-link-full_width elementor-widget elementor-widget-icon-list\" data-id=\"493f1d0\" data-element_type=\"widget\" data-widget_type=\"icon-list.default\">\n\t\t\t\t<div class=\"elementor-widget-container\">\n\t\t\t\t\t<ul class=\"elementor-icon-list-items elementor-inline-items\">\n\t\t\t\t\t\t\t<li class=\"elementor-icon-list-item elementor-inline-item\">\n\t\t\t\t\t\t\t\t\t\t<span class=\"elementor-icon-list-text\">TRABAJO<\/span>\n\t\t\t\t\t\t\t\t\t<\/li>\n\t\t\t\t\t\t\t\t<li class=\"elementor-icon-list-item elementor-inline-item\">\n\t\t\t\t\t\t\t\t\t\t<span class=\"elementor-icon-list-text\">CONSTANCIA<\/span>\n\t\t\t\t\t\t\t\t\t<\/li>\n\t\t\t\t\t\t\t\t<li class=\"elementor-icon-list-item elementor-inline-item\">\n\t\t\t\t\t\t\t\t\t\t<span class=\"elementor-icon-list-text\">HONESTIDAD<\/span>\n\t\t\t\t\t\t\t\t\t<\/li>\n\t\t\t\t\t\t\t\t<li class=\"elementor-icon-list-item elementor-inline-item\">\n\t\t\t\t\t\t\t\t\t\t<span class=\"elementor-icon-list-text\">TRANSPARENCIA<\/span>\n\t\t\t\t\t\t\t\t\t<\/li>\n\t\t\t\t\t\t\t\t<li class=\"elementor-icon-list-item elementor-inline-item\">\n\t\t\t\t\t\t\t\t\t\t<span class=\"elementor-icon-list-text\">CONFIANZA<\/span>\n\t\t\t\t\t\t\t\t\t<\/li>\n\t\t\t\t\t\t<\/ul>\n\t\t\t\t<\/div>\n\t\t\t\t<\/div>\n\t\t\t\t<div class=\"elementor-element elementor-element-ba54b2d elementor-widget elementor-widget-text-editor\" data-id=\"ba54b2d\" data-element_type=\"widget\" data-widget_type=\"text-editor.default\">\n\t\t\t\t<div class=\"elementor-widget-container\">\n\t\t\t\t\t\t\t<p>\u00a0<\/p><p>Estos principios gu\u00edan cada paso de nuestro proceso de negocio y nos permiten ofrecer siempre lo mejor a nuestros clientes.<\/p>\t\t\t\t\t\t<\/div>\n\t\t\t\t<\/div>\n\t\t\t\t<\/div>\n\t\t\t\t\t<\/div>\n\t\t\t\t<\/div>\n\t\t<div class=\"elementor-element elementor-element-6f6807a3 e-flex e-con-boxed wpr-particle-no wpr-jarallax-no wpr-parallax-no wpr-sticky-section-no e-con e-parent\" data-id=\"6f6807a3\" data-element_type=\"container\" data-settings=\"{&quot;background_background&quot;:&quot;classic&quot;}\">\n\t\t\t\t\t<div class=\"e-con-inner\">\n\t\t<div class=\"elementor-element elementor-element-61fbca07 e-flex e-con-boxed wpr-particle-no wpr-jarallax-no wpr-parallax-no wpr-sticky-section-no elementor-invisible e-con e-child\" data-id=\"61fbca07\" data-element_type=\"container\" data-settings=\"{&quot;animation&quot;:&quot;slideInLeft&quot;}\">\n\t\t\t\t\t<div class=\"e-con-inner\">\n\t\t\t\t<div class=\"elementor-element elementor-element-10164e4 elementor-widget elementor-widget-image\" data-id=\"10164e4\" data-element_type=\"widget\" data-widget_type=\"image.default\">\n\t\t\t\t<div class=\"elementor-widget-container\">\n\t\t\t\t\t\t\t\t\t\t\t\t\t<img decoding=\"async\" width=\"1734\" height=\"975\" src=\"https:\/\/munreyfruits.com\/wp-content\/uploads\/2024\/12\/N3-2.png\" class=\"attachment-2048x2048 size-2048x2048 wp-image-143\" alt=\"\" srcset=\"https:\/\/munreyfruits.com\/wp-content\/uploads\/2024\/12\/N3-2.png 1734w, https:\/\/munreyfruits.com\/wp-content\/uploads\/2024\/12\/N3-2-300x169.png 300w, https:\/\/munreyfruits.com\/wp-content\/uploads\/2024\/12\/N3-2-1024x576.png 1024w, https:\/\/munreyfruits.com\/wp-content\/uploads\/2024\/12\/N3-2-768x432.png 768w, https:\/\/munreyfruits.com\/wp-content\/uploads\/2024\/12\/N3-2-1536x864.png 1536w\" sizes=\"(max-width: 1734px) 100vw, 1734px\" \/>\t\t\t\t\t\t\t\t\t\t\t\t\t<\/div>\n\t\t\t\t<\/div>\n\t\t\t\t\t<\/div>\n\t\t\t\t<\/div>\n\t\t<div class=\"elementor-element elementor-element-65582f2d e-flex e-con-boxed wpr-particle-no wpr-jarallax-no wpr-parallax-no wpr-sticky-section-no elementor-invisible e-con e-child\" data-id=\"65582f2d\" data-element_type=\"container\" data-settings=\"{&quot;animation&quot;:&quot;slideInRight&quot;}\">\n\t\t\t\t\t<div class=\"e-con-inner\">\n\t\t\t\t<div class=\"elementor-element elementor-element-6700d37c elementor-widget elementor-widget-text-editor\" data-id=\"6700d37c\" data-element_type=\"widget\" data-widget_type=\"text-editor.default\">\n\t\t\t\t<div class=\"elementor-widget-container\">\n\t\t\t\t\t\t\t<p>Si bien nuestra actividad principal sigue siendo la exportaci\u00f3n de frutas, hemos ampliado nuestro cat\u00e1logo para incluir otros productos en respuesta a las necesidades de nuestros clientes. Este crecimiento refleja la confianza mutua y nuestro compromiso con la satisfacci\u00f3n total, ofreciendo siempre est\u00e1ndares de calidad y servicio excepcionales. Nuestra oferta adicional incluye aceites (de girasol y oliva), vinos, cervezas, encurtidos, productos congelados y alimentos para mascotas, consolid\u00e1ndonos como un proveedor integral y estrat\u00e9gico.<\/p><p>Munrey Fruits and Services se distingue como una empresa de servicios de exportaci\u00f3n \u00fanica en el sector hortofrut\u00edcola. No operamos simplemente como una oficina comercial; somos el departamento de exportaci\u00f3n e importaci\u00f3n de diversas empresas con las que mantenemos relaciones de colaboraci\u00f3n a largo plazo. Nuestro enfoque se basa en el principio del <em>win-win<\/em>, asegurando beneficios mutuos y construyendo alianzas s\u00f3lidas y duraderas.<\/p>\t\t\t\t\t\t<\/div>\n\t\t\t\t<\/div>\n\t\t\t\t\t<\/div>\n\t\t\t\t<\/div>\n\t\t\t\t\t<\/div>\n\t\t\t\t<\/div>\n\t\t\t\t<\/div>\n\t\t","protected":false},"excerpt":{"rendered":"<p>Nosotros \u00bfQui\u00e9nes somos? Munrey Fruits and Services es una empresa fundada en 2024 con un enfoque innovador en la comercializaci\u00f3n de frutas frescas. Nuestro compromiso es atender a nuestros clientes durante todo el a\u00f1o, garantizando acceso a productos de la m\u00e1s alta calidad, sin importar su origen o estaci\u00f3n. Nuestra misi\u00f3n es clara: ofrecer disponibilidad continua, calidad excepcional y un servicio de excelencia, consolid\u00e1ndonos como un socio estrat\u00e9gico que conecta a nuestros clientes con las mejores zonas de producci\u00f3n en todo el mundo. Nuestros valores Aunque Munrey Fruits and Services se estableci\u00f3 oficialmente en 2024, nuestro equipo cuenta con una s\u00f3lida trayectoria en el sector hortofrut\u00edcola. Inicialmente, nos especializamos en la exportaci\u00f3n de frutas de hueso, pero con el tiempo hemos diversificado nuestra oferta para incluir una amplia variedad de frutas frescas. Adem\u00e1s, hemos extendido nuestra red de abastecimiento, seleccionando cuidadosamente los mejores or\u00edgenes en todo el mundo para garantizar a nuestros clientes productos de calidad superior. TRABAJO CONSTANCIA HONESTIDAD TRANSPARENCIA CONFIANZA \u00a0 Estos principios gu\u00edan cada paso de nuestro proceso de negocio y nos permiten ofrecer siempre lo mejor a nuestros clientes. Si bien nuestra actividad principal sigue siendo la exportaci\u00f3n de frutas, hemos ampliado nuestro cat\u00e1logo para incluir otros productos en respuesta a las necesidades de nuestros clientes. Este crecimiento refleja la confianza mutua y nuestro compromiso con la satisfacci\u00f3n total, ofreciendo siempre est\u00e1ndares de calidad y servicio excepcionales. Nuestra oferta adicional incluye aceites (de girasol y oliva), vinos, cervezas, encurtidos, productos congelados y alimentos para mascotas, consolid\u00e1ndonos como un proveedor integral y estrat\u00e9gico. Munrey Fruits and Services se distingue como una empresa de servicios de exportaci\u00f3n \u00fanica en el sector hortofrut\u00edcola. No operamos simplemente como una oficina comercial; somos el departamento de exportaci\u00f3n e importaci\u00f3n de diversas empresas con las que mantenemos relaciones de colaboraci\u00f3n a largo plazo. Nuestro enfoque se basa en el principio del win-win, asegurando beneficios mutuos y construyendo alianzas s\u00f3lidas y duraderas.<\/p>\n","protected":false},"author":1,"featured_media":0,"parent":0,"menu_order":0,"comment_status":"closed","ping_status":"closed","template":"","meta":{"site-sidebar-layout":"no-sidebar","site-content-layout":"","ast-site-content-layout":"full-width-container","site-content-style":"default","site-sidebar-style":"default","ast-global-header-display":"","ast-banner-title-visibility":"","ast-main-header-display":"","ast-hfb-above-header-display":"","ast-hfb-below-header-display":"","ast-hfb-mobile-header-display":"","site-post-title":"disabled","ast-breadcrumbs-content":"","ast-featured-img":"disabled","footer-sml-layout":"","theme-transparent-header-meta":"","adv-header-id-meta":"","stick-header-meta":"","header-above-stick-meta":"","header-main-stick-meta":"","header-below-stick-meta":"","astra-migrate-meta-layouts":"default","ast-page-background-enabled":"default","ast-page-background-meta":{"desktop":{"background-color":"var(--ast-global-color-4)","background-image":"","background-repeat":"repeat","background-position":"center center","background-size":"auto","background-attachment":"scroll","background-type":"","background-media":"","overlay-type":"","overlay-color":"","overlay-opacity":"","overlay-gradient":""},"tablet":{"background-color":"","background-image":"","background-repeat":"repeat","background-position":"center center","background-size":"auto","background-attachment":"scroll","background-type":"","background-media":"","overlay-type":"","overlay-color":"","overlay-opacity":"","overlay-gradient":""},"mobile":{"background-color":"","background-image":"","background-repeat":"repeat","background-position":"center center","background-size":"auto","background-attachment":"scroll","background-type":"","background-media":"","overlay-type":"","overlay-color":"","overlay-opacity":"","overlay-gradient":""}},"ast-content-background-meta":{"desktop":{"background-color":"var(--ast-global-color-5)","background-image":"","background-repeat":"repeat","background-position":"center center","background-size":"auto","background-attachment":"scroll","background-type":"","background-media":"","overlay-type":"","overlay-color":"","overlay-opacity":"","overlay-gradient":""},"tablet":{"background-color":"var(--ast-global-color-5)","background-image":"","background-repeat":"repeat","background-position":"center center","background-size":"auto","background-attachment":"scroll","background-type":"","background-media":"","overlay-type":"","overlay-color":"","overlay-opacity":"","overlay-gradient":""},"mobile":{"background-color":"var(--ast-global-color-5)","background-image":"","background-repeat":"repeat","background-position":"center center","background-size":"auto","background-attachment":"scroll","background-type":"","background-media":"","overlay-type":"","overlay-color":"","overlay-opacity":"","overlay-gradient":""}},"footnotes":""},"class_list":["post-11","page","type-page","status-publish","hentry"],"_links":{"self":[{"href":"https:\/\/munreyfruits.com\/index.php?rest_route=\/wp\/v2\/pages\/11","targetHints":{"allow":["GET"]}}],"collection":[{"href":"https:\/\/munreyfruits.com\/index.php?rest_route=\/wp\/v2\/pages"}],"about":[{"href":"https:\/\/munreyfruits.com\/index.php?rest_route=\/wp\/v2\/types\/page"}],"author":[{"embeddable":true,"href":"https:\/\/munreyfruits.com\/index.php?rest_route=\/wp\/v2\/users\/1"}],"replies":[{"embeddable":true,"href":"https:\/\/munreyfruits.com\/index.php?rest_route=%2Fwp%2Fv2%2Fcomments&post=11"}],"version-history":[{"count":52,"href":"https:\/\/munreyfruits.com\/index.php?rest_route=\/wp\/v2\/pages\/11\/revisions"}],"predecessor-version":[{"id":341,"href":"https:\/\/munreyfruits.com\/index.php?rest_route=\/wp\/v2\/pages\/11\/revisions\/341"}],"wp:attachment":[{"href":"https:\/\/munreyfruits.com\/index.php?rest_route=%2Fwp%2Fv2%2Fmedia&parent=11"}],"curies":[{"name":"wp","href":"https:\/\/api.w.org\/{rel}","templated":true}]}}